-7 - -1) + (4 - 1) + 3?
0
Calculate 10 - ((-3 - -2) + 8).
3
Calculate -1 + 4 + 4 + -6.
1
Calculate 2 + 2 - (-3 - (-16 + 9)).
0
Calculate 57 + -71 + 0 + 18.
4
Calculate -1 + 2 + 4 + 0.
5
What is 1 - 2 - (12 + -5 - 6)?
-2
What is -2 + 0 + -2 - 0 - -3?
-1
Calculate (-10 - -9) + -1 + -3 - -2.
-3
What is 1 - (9 + -4 + -1)?
-3
What is -1 - (-3 + 2 - -2)?
-2
What is (1 - 1) + 2 + 2 + 0?
4
What is (-4 - -4 - -3) + -1 + -2?
0
What is the value of -10 + (-5 + 1 - -10)?
-4
Calculate 1 - ((6 - 4 - -2) + 5).
-8
What is (1 - -5) + -7 - (-4 - 0)?
3
Calculate 2 - (-3 - (-9 - -2)).
-2
What is (2 - 1) + -16 - (27 - 33)?
-9
(5 - (-6 + 12)) + 2
1
Evaluate -4 - (-6 - ((5 - 4) + -2)).
1
Calculate 2 + (4 - (2 - -9)) - -3.
-2
What is -3 - (-8 - -5) - (4 - 4)?
0
What is 0 + -10 + 87 + -86?
-9
Evaluate 7 + 1 + (-13 - -4) + 2.
1
Calculate (-2 - (2 + -9)) + -1 + 0.
4
What is -5 + (7 - (2 + -5))?
5
What is the value of 5 - ((-1 - -1) + 3)?
2
What is 6 + -12 - (4 - (9 + 0))?
-1
Calculate (8 - -1) + -1 + -5.
3
-2 + (-7 - -4) + 1
-4
-4 - ((5 - 6) + -4) - -5
6
Evaluate 0 - (-3 - 2 - -3).
2
What is -4 - (-6 + 4) - (0 + 2)?
-4
What is (-2 - 3 - -4) + 2?
1
What is the value of 0 - -1 - 2 - (-22 - -22)?
-1
Calculate -1 - 3 - (5 + -6 - 3).
0
(3 - 6) + (4 - (-4 - -6))
-1
1 - (0 + -2 + -2)
5
(-5 - -5) + -4 + (10 - 11)
-5
-3 - (3 - -1 - 10) - 4
-1
What is 0 - 3 - (3 - 8)?
2
What is the value of -5 + (6 - 2 - -1)?
0
What is 1 - -2 - (-7 - 0 - -8)?
2
Calculate (-1 - 2) + (6 - (2 - -8)).
-7
Calculate (-16 + 3 - -11) + (-3 - 1).
-6
Calculate 2 - ((4 - 7) + 0).
5
What is 1 - (-5 + 17 + -8)?
-3
12 + (7 + -2 - 13)
4
What is the value of 1 + -2 - ((-5 - 3) + 6)?
1
What is -1 - (-3 - 0 - (-24 - -22))?
0
Evaluate 2 - -3 - (-7 - -15).
-3
What is the value of 2 - (4 + 4 + -11)?
5
Calculate (3 - 2) + (-3 + 12 - 8).
2
What is the value of 4 - (-1 + 3) - 1 - -3?
4
Evaluate (-5 - (-3 + 2)) + (2 - -1).
-1
Calculate -3 + 17 + -8 - 12.
-6
What is 12 - (0 + 1) - 4?
7
Evaluate 4 + (7 - 10) + 3.
4
Evaluate 5 - 1 - (-2 + 5).
1
Evaluate (1 - -5) + 18 + -19.
5
What is the value of -12 + (-12 - -38) - 14?
0
Evaluate -9 + (-5 - -11) + 1.
-2
What is -3 - (-2 + 1) - (1 - 0)?
-3
What is the value of -3 + 2 - (-18 - -21)?
-4
What is the value of -6 - (2 - -7 - 18)?
3
-9 - (1 + -6 + -4 + 6)
-6
What is the value of 4 + (0 + -3 - -4)?
5
Evaluate -3 + 0 + (3 - (0 - 0)).
0
Calculate (-106 - -107) + 2 + -1 + -7.
-5
6 + -6 - (-2 - -5)
-3
Evaluate -2 - -2 - (-2 - -7 - 1).
-4
Calculate 0 + (-1 - (8 - (-2 + 7))).
-4
What is 2 - (-2 + (1 - -3)) - -1?
1
What is -5 - (-5 - (-1 + 1))?
0
Evaluate -3 + 0 - (-6 - -4).
-1
What is (-4 - -10) + -3 + 3 + -4?
2
-1 + (0 - (-10 + 6) - 2)
1
What is the value of 1 + (3 + 1 - 1)?
4
What is -11 + 11 + 0 + -5?
-5
Evaluate 6 - (-2 - (0 - 4)).
4
14 + -6 + (0 - 14)
-6
Calculate -8 + -12 + 14 - -9.
3
What is 8 - (-8 + 14) - -1?
3
What is 1 - (1 + -12 + 8)?
4
What is the value of 7 - (-3 + -2 + 8 + 5)?
-1
5 + 1 + -4 - (-17 + 24)
-5
Evaluate -74 - -72 - (1 - -4).
-7
What is 1 + (5 - 11) - -4?
-1
What is the value of (-9 - -7 - 2) + 13?
9
What is -2 + 1 + 2 + 2 - 2?
1
What is 16 - (16 + 4 - 12)?
8
-3 - ((7 - 2) + -12)
4
What is the value of 11 + (8 - 16 - -1 - 0)?
4
What is -11 - (3 + 3 + -17 + 7)?
-7
What is 7 + -3 + -5 - (0 - 2)?
1
What is the value of 2 - 1 - (21 - 19)?
-1
Evaluate 2 + (1 - (-4 + 5)).
2
What is the value of 8 - (-1 - (-3 + 1)) - 3?
4
What is (-3 - -1) + (-7 - -3) + 2?
-4
What is -7 + 11 - ((4 - -1) + 0)?
-1
What is the value of 17 - 1 - (-8 - -18)?
6
Evaluate (-17 - (-1 - 12)) + -4.
-8
-1 + 3 - -2 - (12 - 6)
-2
What is -1 + (12 - 6) + -3?
2
Calculate 7 + 5 + -1 + -14.
-3
What is the value of 0 + -5 + (0 - -6)?
1
(-6 - -7) + -4 - -5
2
(0 - 0) + (3 - (14 - 5))
-6
(-20 - (-3 + -3 + -1)) + 2
-11
Evaluate 7 + -5 + -3 - 1 - -3.
1
What is (-1 - -6 - (8 + -10)) + -3?
4
What is the value of 3 + 1 - (-3 - -14 - 5)?
-2
What is the value of -5 - (18 - 9 - 16)?
2
What is the value of -9 + 1 - -2 - -2 - -5?
1
What is the value of 1 + 2 + -7 + 2?
-2
Calculate 4 + (1 - 1) + -1.
3
What is the value of -4 + 12 + -4 - 5?
-1
Calculate 21 + 1 + (-42 - -36) + -7.
9
-5 - (-3 + 5 + 2 + -4)
-5
What is the value of (-2 - -1) + 4 + (2 - 7)?
-2
What is the value of -3 + 12 + -6 + -7?
-4
Calculate -2 + (4 + -1 - 4).
-3
Evaluate 4 - (11 + -15) - (6 - 0).
2
10 + 0 - (-68 + 70)
8
Evaluate -4 + (-1 - 0) - (10 + -20).
5
What is the value of 3 + -3 + 1 + 0?
1
Calculate -7 - (-2 + 1 + -2).
-4
What is -6 + 0 - -5 - 1?
-2
What is the value of -4 + (5 - 7) - -3?
-3
Calculate 3 + 6 + -4 + -7.
-2
-3 + -1 - (12 + -13) - 0
-3
What is 0 - (0 + 2 + (-10 - -9))?
-1
What is (-14 - -10) + (-13 - -7) + 0?
-10
What is the value of (-4 - -18) + -9 + (-6 - -2)?
1
-8 + 5 + -1 + (0 - -4)
0
What is 0 + -2 - (0 - 4)?
2
What is 0 - 6 - -4 - (-7 + 5)?
0
What is the value of 0 - (-12 - (-12 + 4))?
4
What is the value of 2 + -1 - (1 + 0)?
0
What is the value of (9 - (10 - 8)) + -12?
-5
What is -4 + -1 + (4 - 0) + 3?
2
What is the value of (2 - -2) + (1 - 2)?
3
7 + -29 + 13 + -1
-10
-3 + (0 - 3) - -5
-1
Evaluate 1 + (1 - 4 - -8).
6
What is the value of 5 + (1 - (-3 + 7))?
2
What is the value of 0 + -9 + 10 + 2?
3
Calculate 2 - (-5 - -3) - (3 - 0).
1
Calculate (2 - 4) + (6 - (-5 - -7)).
2
-1 + (9 - -1) + 2 - 5
6
Calculate 7 - 11 - -4 - (-5 + 0).
5
Evaluate -1 - (-1 - (-7 + -1 + 3)).
-5
What is -3 - -4 - (-5 - 1 - -9)?
-2
What is -6 - (2 + 0 + (-15 - -14))?
-7
Evaluate -3 + (-2 - -6) - 1.
0
Evaluate -6 + (-7 - 1) + 11 + -2.
-5
Evaluate (1 - 3) + (-3 - 2 - -4).
-3
-5 + 8 - 0 - 0
3
Evaluate 15 + -12 - (-3 + 0).
6
What is 0 + -5 + 1 + 2 + 5?
3
What is 1 + (-18 - -9) + 0?
-8
What is 7 + (10 - (3 - -10))?
4
-2 + (-3 - -8) + 0
3
What is the value of -1 + 4 - (0 + (-9 - -8))?
4
What is the value of -8 - (-4 - -4 - -1 - 2)?
-7
What is -2 + -1 + 10 + -5?
2
What is (4 - (14 - 0)) + (-6 - -12)?
-4
What is the value of -15 + -6 + 18 + (-1 - -1)?
-3
What is (-1 - (-2 - 1) - 0) + 1?
3
Evaluate -10 - (9 - (-7 + 21)).
-5
What is the value of -5 + (-2 - 3) + 6?
-4
What is the value of 3 - 2 - (-32 - -30)?
3
Calculate 1 - 5 - (4 + -6).
-2
Calculate 2 - ((-2 - 1) + 23 + -17).
-1
What is -57 + 60 + 0 + 1?
4
What is the value of -1 - 4 - (-22 - (-2 - 13))?
2
Evaluate 3 - (1 - -5 - 1).
-2
Calculate (0 - 0) + -1 - (-3 - -2).
0
Evaluate -4 + 0 + -1 + -2 - -5.
-2
What is the value of (3 - 4 - 6) + 5?
-2
What is -1 - 2 - (-1 - -1)?
-3
What is (-1 - -7) + 1 + -2 + -3?
2
What is the value of -12 - -9 - (9 + 0 + -7)?
-5
Calculate -3 + 0 - -4 - (-7 - -4).
4
Calculate -3 + -1 + (2 + -2 - -3).
-1
Evaluate 10 - -1 - (-158 + 174).
-5
What is -2 - ((-7 - -8) + -1)?
-2
What is the value of (11 - 7) + -7 + 1?
-2
Calculate -10 + (3 + -11 - -14).
-4
Calculate (-7 - -4) + (3 - 2 - -3).
1
Calculate 5 + 0 + (-6 - -5 - 1).
3
What is the value of -7 + 2 + 3 + 3?
1
What is 2 - (2 - 7) - 9?
-2
Calculate (7 - (1 - -4)) + 0.
2
Calculate (-6 - -13) + 1 + -11.
-3
What is -3 + (4 - 2) + (-11 - -8)?
-4
(12 - -1) + 12 + (13 - 30)
8
Evaluate -4 + 10 + -20 - -24.
10
-3 + (-1 - -3) - 0
-1
-2 + -1 + 3 - 1
-1
Calculate -5 + 3 + 2 + -4 + 2.
-2
Calculate (-7 - -6) + (-1 - 1) + 6.
3
What is 5 + 14 + -5 + -6?
8
2 + -6 + -9 - (2 + -8)
-7
What is the value of -9 + 2 + (5 - -2 - 4)?
-4
Evaluate -2 + 8 + 4 + -6.
4
What is the value of -8 + 6 - -2 - -2 - 4?
-2
Calculate (8 - -4) + -28 - (-6 - 1).
-9
(4 - 0) + -9 + (2 - -10)
7
Evaluate -8 + 21 + -24 + 13.
2
What is the value of 2 - (6 + (2 + -2 - 4))?
0
What is -46 + 47 - (2 + 8)?
-9
What is -6 - (3 + 1 + -8 + 1)?
-3
Evaluate (12 - 16) + (-1 - (-1 + -6)).
2
What is 0 - ((3 - 0) + -5)?
2
What is the value of 0 - 2 - (11 - 10)?
-3
What is the value of 4 + (-8 - -5) + 4 + -4?
1
What is 3 + 6 + (-3 - 5) - 1?
0
Evaluate 5 + (-7 - -1) - -2.
1
What is the value of -2 + -4 + (-1 - (-2 - 1))?
-4
Calculate 4 - (-3 - -1) - (-1 - -2).
5
Calculate (1 - 6 - (-1 + -11)) + -5.
2
Calculate (-3 + 3 + 4 - 1) + -4.
-1
Evaluate -1 + -1 - -3 - 1.
0
What is the value of 2 + (6 + -2 - 0) - 4?
2
-5 - (-6 + 6 + 4 + -9)
0
Evaluate (-6 - -2 - -11) + -9.
-2
What is 1 + -6 + 10 + -1?
4
Evaluate -1 - (5 + 0 + (0 - 2)).
-4
What is (1 - (-1 - 6)) + 18 + -22?
4
Calculate 67 + -60 - (-2 + 3).
6
-1 - 0 - (-1 + 2 - 6)
4
What is the value of (2 - ((3 - 2) + 3)) + -3?
-5
What is 37 + -31 - (